-p**3 + p**2 + p + 91. Let h be y(0). Calculate the highest common factor of h and s.
13
Let q(n) = -247*n - 2470. Let d(r) = 2. Let h(c) = 1235*d(c) + q(c). Let m be h(-1). Calculate the highest common divisor of m and 26.
13
Let x be 3/(-5)*(-28 + 308)/(-14). What is the highest common divisor of 27 and x?
3
Let x = -64 + 84. Suppose x = -4*a + 104. Let h = -553 - -784. Calculate the greatest common factor of h and a.
21
Let p(m) = m**3 + 38*m**2 - 116*m + 299. Let h be p(-41). Let t = -2 + 20. Calculate the highest common divisor of h and t.
6
Suppose -5*g = 2*x, 0 = -9*x + 2*x + 8*x - 15*g - 245. Let r = 254 - -26. What is the greatest common factor of r and x?
35
Let s = 5577 + -3453. Calculate the greatest common factor of s and 944.
236
Let o(m) = m**3 + 24*m**2 + 27*m + 94. Let l be o(-23). Let f be 1*((-8)/(-14))/(l/7). Calculate the greatest common factor of f and 13.
1
Suppose -114*h + 4*s + 101 = -109*h, -2*h + 43 = s. What is the greatest common divisor of 672 and h?
21
Let w be 7119/(-18)*(-12)/7. Let i = w + -652. Calculate the highest common factor of 65 and i.
13
Let l = -1 + 46. Let i = l - 34. Let j be 32/8*2*i. What is the greatest common factor of 11 and j?
11
Let c be 1 - 2/4 - 16400/(-32). Calculate the greatest common divisor of 27 and c.
27
Let p(c) = 9*c + 3. Let g be p(10). Let r = 5264 + -3497. Calculate the highest common factor of g and r.
93
Let n(j) = 3*j**2 - 13*j - 10. Let x be n(6). Suppose x*h = 8730 - 1370. What is the greatest common factor of h and 46?
46
Let i(b) = -20*b - 97. Let l(g) = -42*g - 192. Let w(o) = 7*i(o) - 3*l(o). Let m be w(-8). What is the greatest common factor of m and 36?
9
Let l(t) = t**3 - 14*t**2 - 71*t + 687. Let b be l(16). What is the highest common divisor of 3108 and b?
21
Let x(n) = -41*n + 8. Let y be x(2). Let z = y + 154. What is the highest common factor of 5 and z?
5
Let i = 683 + -659. Let x(j) = 2*j**2 - 49*j + 75. Let g be x(i). What is the greatest common factor of g and 51?
51
Let x be (54/180*-2)/(2/(-340)). What is the greatest common factor of x and 6086?
34
Let z be -1*(-3 - 99/(-22)*-286). Calculate the highest common divisor of z and 2666.
86
Suppose 0 = 6*s - 115 + 109. Let l(r) be the third derivative of r**4/24 + r**3/3 - 2*r**2. Let c be l(0). Calculate the greatest common divisor of c and s.
1
Let p = -9 - -15. Let h = 19291 - 19264. What is the greatest common factor of h and p?
3
Let y(d) be the first derivative of -5*d**2/2 - 27*d - 14. Let l be y(-9). Suppose -16*n + l*n - 4 = 0. What is the highest common divisor of 10 and n?
2
Let p be (1639/33 + 13)/((-4)/(-366)). What is the highest common factor of 94 and p?
94
Let h = -315 + 283. Let u(q) = q + 193. Let i be u(h). Calculate the greatest common divisor of 23 and i.
23
Let c(m) = -4*m**2 - m - 174. Let w be c(0). Let h = w + 221. Calculate the greatest common divisor of 517 and h.
47
Let l(j) = -5*j - 12. Let w be l(-3). Suppose 27*k = 3*k + 48. Calculate the highest common factor of w and k.
1
Suppose 58*c - 7370 + 874 = 0. What is the greatest common factor of c and 476?
28
Suppose -4*w - 384 = -c, -768 = -2*c + 22*w - 20*w. Calculate the greatest common divisor of 186 and c.
6
Let j(w) = w**3 + 11*w**2 + 12*w + 25. Let g be j(-10). Let v(r) = -7*r - 53. Let y be v(-19). Calculate the highest common divisor of g and y.
5
Suppose -29*z + 1492 + 805 + 313 = 0. What is the highest common divisor of 1305 and z?
45
Let x(v) = 6*v + 134. Let w be x(-9). Let n = 62 + 2. Calculate the greatest common factor of n and w.
16
Suppose 2*t - 670 = -668. What is the greatest common factor of t and 169?
1
Suppose 0 = -5*u - 3821 + 471. Let a = u - -1138. What is the highest common factor of 36 and a?
36
Let o be 2/8 + 31/4. Suppose -5*k + 365 = 5*h, 2*k - 9 = -4*h + 139. What is the greatest common divisor of o and k?
8
Suppose 158*p = 162*p - 148. Let w = p + -26. Suppose -3*k + 10 = -4*i - 5, -4*k + 3*i + 13 = 0. Calculate the highest common factor of w and k.
1
Let v = 31020 - 30799. What is the highest common factor of v and 2158?
13
Suppose x + 15 = 4*x. Let j(r) = -3*r - 87. Let u be j(-29). Suppose -2 + u = -2*q. What is the highest common divisor of q and x?
1
Let b = -101 - -68. Let l = b + 68. Let r = -24 + l. What is the highest common divisor of 88 and r?
11
Let o(d) = 3*d**2 + 2*d - 1. Let g be o(7). Let f = -522 + 1066. Suppose -5*u - g = -y, -4*y - 5*u = -u - f. Calculate the greatest common divisor of 35 and y.
35
Suppose -6*u + 7*u = -32. Let f = u - -52. Calculate the greatest common divisor of 15 and f.
5
Let r = 394 - 376. Suppose -r*h + 7 = -29. Calculate the greatest common factor of h and 64.
2
Suppose 0 = 2*v - 0*v - 14. Suppose 17*i - 20*i = -s + 11, 0 = -s - 3*i - 7. Calculate the highest common divisor of s and v.
1
Let u = -562 + 582. Calculate the greatest common factor of u and 4040.
20
Let g be (-2)/3*(0 + 9090). Let a be (-1)/2 - (g/8)/15. Calculate the highest common factor of a and 20.
10
Let h = -422 + 276. Let z = 156 + h. What is the highest common factor of z and 250?
10
Suppose -50*c = -48*c - 188. Suppose 0 = -c*m + 95*m - 36. What is the greatest common divisor of 168 and m?
12
Suppose -3*d + q = -74, 0 = -6*d + d + 5*q + 120. Let m be 5 + -6 - (0/(-3) - d). What is the greatest common factor of m and 66?
6
Let v(i) = 9*i - 41. Let h be v(-3). Let m be (h/8*3)/((-1)/18). Calculate the greatest common factor of m and 18.
9
Let y(a) = -15*a**2 + 6 + 280*a + a**3 - 289*a + 18*a**2. Let n be y(2). Calculate the highest common factor of 384 and n.
8
Suppose g = 5*h - 168, 720 = -4*g + 9*h - 5*h. Let s = g + 195. What is the greatest common factor of s and 444?
12
Suppose 0 = -10*g + 3217 - 3097. Calculate the greatest common factor of g and 6504.
12
Suppose 0 = -269*g + 285415 + 33350. Calculate the highest common factor of g and 869.
79
Suppose 3*u + 1262 = 5*k + 4130, -2*u + 4*k + 1910 = 0. What is the highest common divisor of 93 and u?
31
Suppose -4646 = -28*j + 4303 - 1557. What is the highest common divisor of 1188 and j?
132
Suppose c + 12 = 4. Let y be c/(-4) - 2 - (0 + -50). Suppose -v - v + 3*q + 20 = 0, 4*v - q - y = 0. What is the greatest common factor of v and 39?
13
Suppose 51232 = 4*a - 4*o, -32*a + 36*a + o - 51207 = 0. Calculate the greatest common divisor of 7 and a.
7
Let a = -4 - 8. Let i = a - -8. Let s(f) = f**3 + 8*f**2 - 2. Let v be s(i). What is the greatest common divisor of v and 93?
31
Suppose 5840*n - 192200 = 5716*n. Calculate the highest common divisor of n and 186.
62
Let f = 83 + -28. Let k = f + -55. Suppose 13*u - 9*u - 28 = k. What is the highest common factor of u and 7?
7
Suppose 8*g = -8*g + 4*g. Suppose g = -13*v - 31*v + 440. What is the highest common divisor of 610 and v?
10
Suppose 3*t - 13539 = -13014. Calculate the highest common divisor of t and 425.
25
Let t(h) = 151*h + 6276. Let j be t(114). Calculate the greatest common factor of 580 and j.
290
Suppose 94500 = 7*g + 124*g + 58*g. What is the highest common factor of 1370 and g?
10
Suppose 0 = 189*b - 196*b + 224. What is the highest common factor of 256 and b?
32
Let z be (10 + (338/(-39) - -2))*3942/4. Calculate the greatest common divisor of 6935 and z.
365
Let w be (2 - -57) + (-174 - -157). Calculate the greatest common factor of 574 and w.
14
Let k = 76 + -16. Let j(t) = -t**2 + 16*t - 12. Let p = 160 + -148. Let l be j(p). Calculate the highest common factor of l and k.
12
Let k = 10 + -9. Suppose -4*w - 12 - 35 = 3*m, 0 = -3*m - 5*w - 52. Let f = 18 + m. Calculate the highest common factor of f and k.
1
Suppose -12*r + 33 = -9*r + 2*c, -5*r - 2*c + 59 = 0. Calculate the greatest common factor of 1482 and r.
13
Let v(m) = -38*m**3 - 95*m**2 - 7*m - 10. Let f be v(-4). What is the highest common divisor of 2976 and f?
186
Let i be (-4)/(-4) + (0 - 0). Suppose -4*g + 100*g = 864. What is the highest common divisor of g and i?
1
Let f be -1 - 4/2 - (-3 - -132). Let m = f + 258. Suppose 4*s = -3*s + m. Calculate the highest common factor of s and 18.
18
Let x(l) = -l**3 - l**2 - 4*l - 8. Let g(c) = c**3 - 29*c**2 + 27*c + 24. Let z be g(28). Let q be x(z). Calculate the highest common divisor of q and 16.
8
Let i = -77 + 300. Let y = -221 + i. What is the highest commo